035)/(-45) - -10 a prime number?
False
Suppose -4*l + 836 = -5*m, l = 8*m - 3*m + 194. Suppose 4*z + t = -l + 1783, -1198 = -3*z - 5*t. Is z composite?
True
Let r be -7 - (-2 - 4 - 4). Is (3637*r/6)/((-2)/(-12)) a prime number?
False
Let m(p) = 11*p**2 - 10*p - 8. Suppose i - 6 = -c, -2*c = -5*c + 4*i + 11. Let h(t) = 22*t**2 - 20*t - 17. Let l(z) = c*m(z) - 2*h(z). Is l(5) a prime number?
False
Let x(c) = -29*c + 1993. Is x(0) prime?
True
Suppose 27*h = -865 - 755. Is ((-129634)/(-30) + 8/h)/1 a composite number?
True
Let i(q) = 2*q**3 - 9*q**2 - 55*q - 6. Let n be i(8). Suppose 56995 = 5*b - 2*t, t = -n*b + 6*t + 22777. Is b a composite number?
True
Let y = 11325 + -3062. Is y composite?
False
Let q(m) = 29629*m**3 + 2*m**2 + 10*m - 23. Is q(2) prime?
False
Let n be (1 - 7510/15)/((-2)/6). Let c(f) = 3*f**2 - f + 5. Let x be c(0). Suppose 0 = -x*i - 5, -3*z + 4*i = 2*i - n. Is z a prime number?
True
Let t(u) = 6 - 4*u + 7*u - 2*u. Let b be t(-4). Suppose b*l - 207 = -2*p + p, -p = l - 101. Is l a prime number?
False
Suppose 5*s = 0, -v + 972*s = 973*s + 4076. Let z be (-257)/((2/29)/(-2)). Let f = z + v. Is f a prime number?
False
Let a(p) = 1636*p**3 + 2*p**2 - 3*p + 2. Let s = -34 - -39. Suppose 0 = s*z - 2 - 3. Is a(z) prime?
True
Suppose -2*n + 4*f = -4508, -7044 = -3*n + 2*f - 278. Let k = -1583 + n. Is k composite?
False
Let i = 198 - 108. Is (2638/3)/(i/135) prime?
True
Let o = 41 - 37. Suppose -o*i = -13 - 99. Is 3552/i - 6/(-42) a composite number?
False
Suppose -153*l + 19916565 = 202*l. Is l prime?
False
Let f(r) = -r - 14. Let h(b) = -17*b**2 - 2*b - 2. Let q be h(-1). Let u be f(q). Let c(m) = 41*m**3 - 6*m - 2. Is c(u) composite?
False
Suppose -7396770 - 6432505 = -23*z - 2*z. Is z a composite number?
False
Suppose -23*o = -21*o - 22. Suppose w + v + o = 3*v, 8 = 2*v. Is w + (-188)/(0 - 1) prime?
False
Let m be ((-8)/5 - 2) + (-6)/15. Let d be (-11 + 21)*(-2)/m. Suppose 0 = 5*c - d*k - 1300, -k - 170 - 347 = -2*c. Is c prime?
True
Let f(y) = y**2 - 74. Let d be f(9). Suppose 4*x + 21886 = d*x - 5*r, -2*x + 3*r = -14591. Is x composite?
False
Let c(v) = -v**3 - 12*v**2 + 14*v + 11. Let f be c(-12). Suppose -70*o + 786 = -69*o. Let l = f + o. Is l a prime number?
False
Suppose -7565*c + 7553*c = -1415748. Is c composite?
False
Let k = -315884 - -555727. Is k composite?
False
Is 10*(11/(-22) - 9804/(-2)) prime?
False
Let c(o) = -15*o**3 - 3*o**2 + o + 4. Suppose -16*g + 7*g - 27 = 0. Is c(g) a composite number?
False
Let k = 26586 - -84961. Is k a prime number?
False
Suppose 0 = 8*o - 164415 - 133769. Is o a prime number?
True
Suppose -4*g = 3*c - 2*c + 56, 2*c + 4*g + 108 = 0. Let u(d) = 20*d - 2. Let v be u(3). Let p = v + c. Is p prime?
False
Let j(n) = n. Let r be j(3). Suppose 136 = -4*z - 3*s + 19, z = -5*s - 42. Is ((-12807)/z)/(1/r) prime?
True
Let k(p) = 4*p + 2 - 4*p - p. Let s be k(11). Is 76 + s/6*4/3 a prime number?
False
Suppose m - 95 = -2*w, 4*w - w - 2*m = 146. Let t be (w/28)/(2/(-679)). Let d = t - -1753. Is d a composite number?
False
Suppose 148*x - 21835101 = -1865017. Is x prime?
False
Let i(d) = -10286*d**2 - 15*d - 20. Let u(a) = -5142*a**2 - 8*a - 11. Let q(l) = -6*i(l) + 11*u(l). Is q(1) prime?
False
Suppose 55 = x - 2*c, 4*c - 12 = 8. Let j = x + -52. Let g(t) = 7*t**2 + 13*t - 15. Is g(j) a prime number?
False
Let w = 5822 + -3243. Is w composite?
False
Suppose 0 = -5*c + 101944 + 160411. Let p = c - 24640. Is p a composite number?
True
Let z = 9116 + -6409. Is z a prime number?
True
Let b(l) = 1903*l**2 + 470*l + 77. Is b(-32) composite?
False
Let s(f) = -52*f + 2. Let h(y) = y - 14. Let x be h(18). Let i be s(x). Is 3 - i - -2 - 0 prime?
True
Is 330840/264 + -4 + (-2)/11 a prime number?
True
Let c(m) = 2*m**3 + 6*m**2 - 2*m + 10. Let y be c(-4). Is 684/1539 + -2794*y/36 a prime number?
True
Let d(k) = -k**2 + 35*k - 78. Let l be d(33). Is (25/((-75)/l))/(2/1201) composite?
True
Let a(k) = -k**3 + 8*k**2 + 36*k + 5. Let s be a(-6). Is s/(-3*(-6)/2286) a composite number?
True
Let b = -37 + 41. Suppose 2*n + 4*k + 0*k = -12, k + 59 = -b*n. Let a(z) = z**2 - 7*z + 11. Is a(n) a prime number?
True
Is 415862*1/2 + (9 - 17) a composite number?
False
Let b be 2/6 + (-5)/(-3). Let u = 322 + -322. Suppose -8 = -b*d - u*d, 2*d + 1140 = 4*p. Is p prime?
False
Suppose 55*x - 60*x + 2*s = -149153, -x - s + 29839 = 0. Is x a prime number?
True
Let j(a) = 12860*a**2 + 1182*a + 5853. Is j(-5) a prime number?
True
Let x = -2420 - -1281. Let z = 2808 - x. Is z composite?
False
Suppose -14*p + 84 = 7*p. Suppose 2*h - p*m - 15966 = 0, 3*m - 18323 = -3*h + 5617. Is h a composite number?
True
Let q be -110*-1*8/(-16). Is ((-23457)/(-15))/((-11)/q) a prime number?
False
Let y(t) = 893*t**3 - 9*t**2 + 8*t - 12. Let p be y(5). Suppose 0 = -4*g + p + 88656. Is g a prime number?
True
Let i(y) = 244581*y**2 - 258*y + 260. Is i(1) a composite number?
False
Let l(q) = 28*q**2 + 7*q + 256. Is l(-13) composite?
True
Let a be -2*65/10 + -1. Let i be ((-2)/8)/(a/56). Is i + -2 - -893 - (-54)/(-18) composite?
True
Suppose -3*h - 5*q - 14194 = 0, q = -3*h - 8054 - 6120. Let s = -1136 - h. Is s composite?
True
Let j(w) = -w**3 + 73*w**2 + 98*w - 187. Is j(72) prime?
False
Let p = 71 - -181. Suppose p = -h + 1279. Is h composite?
True
Let h = 421580 + -160239. Is h composite?
True
Let i = 380 - 375. Suppose -3*j = 3*r - 0*r - 47364, 0 = i*j + 4*r - 78939. Is j a prime number?
True
Let h be 8/14 + (-1)/((-14)/6). Let o be (h/(-5))/(10/(-350)). Let m(j) = 84*j - 2. Is m(o) a composite number?
True
Suppose 72*j - 139661 = 1121310 + 696493. Is j a prime number?
False
Suppose -3 = s, -2*c + 2*s = -c - 10. Suppose 2*d - 4*z = 548, c*z - 9 = 11. Suppose -10 = -5*k, 1615 = 3*p + 3*k - d. Is p prime?
True
Let c(o) = -73 - 112 - 146*o + 600*o. Is c(22) a composite number?
False
Let h be (-2 + 2)/1*29/29. Suppose -7*d = -12*d - 4*v + 27385, 4*v - 20 = h. Is d a prime number?
False
Suppose 10*w - w = 18. Suppose -w*m = -i + 534, i + 5*m + 9 - 543 = 0. Suppose -3*f + 5*b + 248 = -i, b - 758 = -3*f. Is f a prime number?
False
Suppose d + 1278991 = -25*d + 7604869. Is d prime?
False
Let p(l) = 7*l + l + 6*l - 5*l. Let m be p(-4). Is 1*((-45)/m)/(2/1016) composite?
True
Let i(j) = j**2 - j + 5. Let a be i(4). Suppose -19 = -4*n + 2*l + a, 0 = -3*l - 6. Is 1/n - (-14812)/32 prime?
True
Let v = 17607 + -7453. Is v a composite number?
True
Let g be (-1050)/(-65) - (-2)/(-13). Suppose -4*p = -z - 12, -2*z - p = -7*z + g. Suppose -3*w + 3 = 0, z*u + 1241 = 8*u - 3*w. Is u prime?
True
Let i = -80920 + 213159. Is i a prime number?
False
Suppose 173*q + 269079 - 6546992 = 42*q. Is q composite?
True
Let a(x) = 964*x**2 - 3*x + 3. Let g be a(1). Suppose -9*r - g = -5455. Is r composite?
False
Let g(w) = -w**3 - 19*w**2 + w + 12. Let l be g(-18). Let v(f) = 93*f + 32. Let z be v(7). Let o = l + z. Is o a prime number?
True
Let t = 62190 + -22897. Is t composite?
False
Suppose -26 + 2 = 6*h. Let c be 4 + h + 8 + -4. Suppose 5*z - 417 = 2*w, -2*w = -3*w + c. Is z prime?
False
Let w = 89278 + 78049. Is w composite?
True
Suppose 2*f - 85213 + 31354 = 5*y, -2*f + 3*y = -53857. Is f composite?
False
Let f be (171/18 + -10)*(-14)/1. Suppose 4*x - f*x = -3351. Is x a prime number?
True
Suppose -k + 34 = 6*p - 2*p, k + p = 19. Let i = k + 1. Suppose 17*m - 310 = i*m. Is m composite?
True
Let q(v) = -v**3 - v**2 - 10*v - 10. Let f(s) = 6 - 359*s**2 + s**3 + 360*s**2 + 9*s + 3 + s**3. Let g(u) = -5*f(u) - 4*q(u). Is g(-3) prime?
True
Suppose -328 = -3*w - 5*w. Suppose -w*v + 18559 = -44622. Is v a composite number?
True
Let p(z) = 27*z**3 + 3 + z - 2*z**2 + 142*z**3 - 3. Let b be p(2). Suppose -w + 4*w - 5*d = b, -3*w = 2*d - 1381. Is w a prime number?
True
Suppose 71269 + 66295 = 28*h. Suppose 0 = -4*f - 5*p + 18194 + h, -2*f + 11558 = 4*p. Is f prime?
False
Is 887786*(-1 - (-39)/6 - (24 - 19)) a composite number?
False
Let m(l) = 18*l + 673. Suppose 2 = -7*u + 2. Is m(u) a composite number?
False
Suppose 9*h + 4*s = 12380997, 5*h - 37*s + 35*s - 6878357 = 0. Is h a prime number?
True
Let r be (0 - -359)*((2 - 0) + 14). Let u = r + -97. Is u a composite number?
False
Suppose 0 = 3*j - 8*j - 5*a + 30, 3*j - 22 = -5*a. Suppose j*p - 12*p - 6*p = 0. Suppose -d + 3*k = -14